erivative of 0*u + 1/3*u**3 + 2 + s*u**2. What is p(-3)?
-6
Let m(z) be the third derivative of -2*z**2 - 2/3*z**3 - 1/60*z**5 - 5/24*z**4 + 0 + 0*z. Determine m(-4).
0
Suppose -4*t = -8 - 0. Let f = 1 - t. Let i(l) = -l**3 - 3*l**2 - l. Calculate i(f).
-1
Let k = 66 - 61. Let i(y) be the second derivative of -y**4/12 + 2*y**3/3 + 7*y**2/2 - 2*y. Calculate i(k).
2
Let g(t) = 14*t + 44. Let q(k) = 5*k + 10 + 8 - 3. Let h(z) = 6*g(z) - 17*q(z). Calculate h(5).
4
Let y(n) = -5*n**3 - 3*n**2 - 3*n + 4. Let d(s) = 14*s**3 + 10*s**2 + 10*s - 12. Let v(x) = -4*d(x) - 11*y(x). Calculate v(-6).
10
Suppose -3*m + 0*h - 33 = 5*h, 4*h = -2*m - 24. Let o(n) = -n - 8. Calculate o(m).
-2
Let w(l) = l**2 - 8*l + 14. Let y be w(6). Suppose 5*g + 1 = -m + 2*m, g - 2 = -2*m. Let b(d) = -m - 3*d + 1. Determine b(y).
-6
Let j(o) = -o**3 + 4*o**2 + 6*o - 6. Let u be j(5). Let r be u*3/2*-4. Let m(n) = -3*n**2 - r*n - 4 + 4*n**2 + 3*n + 2*n. Determine m(0).
-4
Let o(h) be the first derivative of 7*h**3/6 - h**2/2 - 2*h - 9. Let d(c) be the first derivative of o(c). Determine d(1).
6
Let f(j) = -j. Let x(l) = -15*l + 4*l + 6*l. Let n(s) = 12*s + 2. Let q be n(-2). Let g(u) = q*f(u) + 4*x(u). Calculate g(1).
2
Let k(l) = l**3 + 11. Let q(f) = -f**2 + f + 3. Let y(w) = k(w) - 3*q(w). Suppose 3 - 7 = h. Determine y(h).
-2
Let m be 6*(-4 - -3)/(-2). Let k(p) = -2 + 5*p**2 - 9*p**2 + m*p**2. Calculate k(-3).
-11
Let y(m) be the second derivative of m**3/6 - 3*m**2/2 - 2*m. Let k(o) = 1. Let b(x) = -4*k(x) + y(x). Calculate b(5).
-2
Let j = -92 + 94. Let m(i) = -4*i + 5. Let w(g) be the second derivative of 2*g**3 - 7*g**2 - g. Let q(k) = 11*m(k) + 4*w(k). What is q(j)?
7
Suppose 5*t - 25 = -4*m, -t - t - m = -7. Let a(i) be the third derivative of 0*i**4 - 1/60*i**5 + 3*i**2 + 1/6*i**3 + 0 - 1/30*i**6 + 0*i. Calculate a(t).
-4
Suppose 4*h = 8*h - 12. Let s(j) = -j**2 - j - 3 + h*j - 6*j. Suppose 0 = -50*p + 55*p + 10. Determine s(p).
1
Let x(p) be the third derivative of p**6/120 - p**5/30 - p**2. Suppose -3*w + 6 = v - 5, -2*w + 19 = 3*v. Give x(w).
0
Let o(n) = -n**2 - 11*n - 9. Let h be o(-10). Let r(z) = 2 - 2 + 4*z**2 - z. Let j be r(h). Let c(s) = -s**3 + 3*s**2 - s. Calculate c(j).
-3
Let d(l) = -14*l**2 + 14. Let i(w) = -w**2 + 1. Let c(m) = -d(m) + 12*i(m). Give c(2).
6
Let m(c) = -4*c + 3. Let t(g) = -g. Suppose -5*w - 3*o + 14 - 3 = 0, -2*o = 3*w - 6. Suppose -2 + w = -q. Let f be t(q). What is m(f)?
-5
Let t(q) = -q - 1. Let v be t(1). Let a be 4/8*(-20)/v. Let r(o) = o**2 - 7*o. Give r(a).
-10
Let k(t) = -t**3 + 5*t**2 + t + 2. Suppose -a = -4*s, -5*a - s + 19 = -2. Suppose a*i = 5 - 25. Let p be (-2)/(2/i - 0). What is k(p)?
7
Let m be 1/(1*-1) + -3. Suppose -4 + 8 = 4*x. Let f(g) = 6 - x + 4*g + 4*g**2 - g + g**3. Give f(m).
-7
Let b(k) = -2*k**2 - 1. Let p(q) = -5*q**2 + q - 4. Let a(z) = -8*b(z) + 3*p(z). Let d = -5 - 0. Give a(d).
6
Let x(l) = -l**2 + 6*l + 6. Let c be 1/(-2) + 39/6. Determine x(c).
6
Suppose 0 = -2*n - 2*b + 5 + 3, -3*b + 6 = n. Let u = n - 5. Let t(v) = -v**2 - 3*v. Give t(u).
2
Let v(j) = 4*j - 3 - 2 - 3*j - 2*j. Let o(k) = -k**2 - 4*k - 4. Let f be o(-4). What is v(f)?
-1
Let a(u) = -u**3 - 12*u**2 - 12*u - 5. Let o be a(-11). Let z(l) = l**3 - 6*l**2 - 5. Calculate z(o).
-5
Let b = -13 - -15. Let o(j) = -b + j + 3*j - 2*j - 4*j. Give o(-3).
4
Let x = 27 - 25. Let d(w) = -2*w - 19 - 2*w**x + 0*w + 20. Give d(-2).
-3
Suppose 3*g = 4*j + 1, 0 = 5*j + 3*g - 0*g + 8. Let w(z) = -4*z**2 + z**2 - z + 2*z. Calculate w(j).
-4
Let t be 1*-1 - 4/(-2). Let n = 2 + -1. Let f(a) = -a + n + 0 + 2*a**3 - 5*a**3. Determine f(t).
-3
Let h(c) be the first derivative of 1/2*c**2 - 8*c + 4. Give h(4).
-4
Suppose -24 = 4*p - 7*p. Let k = 7 - p. Let v(t) = 3*t**2 + t + 1. Give v(k).
3
Let d(s) be the second derivative of -s**4/12 + s**3/3 + 3*s**2/2 - s. Let m = 20 + -15. Calculate d(m).
-12
Let f = 5 + -1. Let d(i) be the second derivative of 0 + 0*i**3 + 1/2*i**2 - 1/4*i**f + 3*i. What is d(1)?
-2
Suppose l + 3*y = -2*l - 21, -6 = 2*y. Let p(i) be the first derivative of -i**4/4 - 5*i**3/3 - 5*i**2/2 - 6*i + 8. Calculate p(l).
-2
Let b = -8 + 13. Suppose o = -0*o. Let x(h) = 4 + o*h + 3 - 2*h. Determine x(b).
-3
Let w(o) = -o + 4*o - 10 + 21 - 15. Give w(4).
8
Let g(s) = 1 - 6*s + 0*s**2 + s**2 + 1 - s. Determine g(3).
-10
Suppose 0*r = r - 2. Let b(c) be the first derivative of -5*c**3/3 + c + 1. Let z(l) = l**3 + l**2 + l + 1. Let n(f) = b(f) + z(f). What is n(r)?
-4
Let s be 2 + 3 + 1*-2. Let n(d) = d - d + s*d - 4*d - 6. Give n(-5).
-1
Let f(l) = l + 2. Suppose -15 = 3*s - 8*s. Suppose 2*c = c - 5*m, -2 = c + s*m. Give f(c).
-3
Let u = 9 - 13. Let k be (1 + -1)*2/u. Let s(d) = -d**2 - 3*d**2 + 5*d**2 - 4. Determine s(k).
-4
Let c(b) be the third derivative of -5*b**2 + 7/24*b**4 + 0*b - 1/60*b**5 + 0 + b**3. Give c(7).
6
Let l = 52 + -47. Let t(u) = u**3 - 6*u**2 + 2*u - 1. Determine t(l).
-16
Suppose f = -2*f + 6. Let p(k) = 0*k**2 - k**3 + 4 + k**f - 5*k**2 + k. Calculate p(-4).
0
Let r(j) = -j**3 + 4*j**2 + 7*j - 7. Let z(v) = -3*v - 13. Let l be z(-6). Give r(l).
3
Let a = 34 + -7. Suppose -4*r = -4*y, -6*y + a = 4*r - y. Let d(b) = b**3 - 2*b**2 - 3*b + 3. Determine d(r).
3
Let s(c) be the first derivative of -2*c**3/3 - 5*c**2/2 + c + 2. Determine s(-4).
-11
Let g(l) be the first derivative of -l**4/4 + 7*l**3/3 - 7*l**2/2 - l - 15. Determine g(6).
-7
Suppose 2*h + 15 = 3*p, -9 = -0*p - 4*p - h. Let r(f) be the first derivative of -2 - 2/3*f**3 - 3/2*f**2 + p*f. Give r(-3).
-6
Let p = 1 - 4. Let b(k) = 3*k + 10. Let t(d) = -3*d - 9. Let h(f) = 5*b(f) + 6*t(f). Determine h(p).
5
Suppose -3*h - 4*p + 2 = -5*h, -3*h + 5*p - 1 = 0. Let y(d) = d**3 - 3*d**2 + d + 2. What is y(h)?
5
Let b(p) = p**2 - 7*p + 1. Let c be b(5). Let o = 4 + c. Let u(k) = k - 6. Determine u(o).
-11
Let w(z) be the third derivative of -z**6/60 - z**5/30 + z**3/6 + 2*z**2. Suppose 0*k - 4*s = -5*k + 11, -2*s - 3 = -5*k. Give w(k).
1
Let a(d) = d**2 - 8*d + 9. Let y be a(2). Let n(b) = 6*b + 3. Give n(y).
-15
Let v(d) = -d**3 - 8*d**2 - d - 3. Let t(g) = -g**3 - 4*g**2 + g + 4. Let a = 18 - 21. Let o be t(a). Calculate v(o).
5
Let y(s) = -s - 5. Let o be y(-3). Let j be (-1 + -1)/(o/1). Let d(m) be the second derivative of m**4/12 + m**3/6 - m**2/2 + m. What is d(j)?
1
Suppose 6*q - 1 = -7. Let u(a) = 3*a. Give u(q).
-3
Let b(s) = s**2 - 2*s - 5. Let d be (-20)/(-8)*(-4)/(-2). Give b(d).
10
Let x(w) be the first derivative of -w**2 + 12*w + 32. Determine x(8).
-4
Let b(d) be the first derivative of d**4/4 - d**2/2 + 6*d - 1. Let n(a) = a**3 + 4*a**2 - a - 2. Let z be n(-4). Let w be z - 0/3 - 2. Calculate b(w).
6
Let y(j) be the third derivative of -j**6/120 - j**5/60 - j**4/24 + 4*j**3/3 - 39*j**2. Determine y(0).
8
Let w(i) = -3*i**2 + 4*i - 4. Let z(t) = 2*t**2 - 3*t + 3. Let m be -3 - -1*(-2 + 0). Let u(o) = m*w(o) - 7*z(o). Let g be (3 - 3 - 0)/(-1). Give u(g).
-1
Suppose -5*m = 1 - 11. Let u(j) = -j**3 + 1 - j**3 - 6*j**3 - j**m + 0*j**2. What is u(1)?
-8
Let d(g) = -g**3 - 6*g**2. Let u be ((-6)/(-3))/(1*(-3)/9). What is d(u)?
0
Let f(q) = q - 1. Let w be f(-2). Let b(l) be the third derivative of l**6/120 + l**5/12 + 5*l**4/24 + l**3/2 - 3*l**2. What is b(w)?
6
Let u(j) = -3*j - 2. Let o be u(-1). Let w(b) = -5*b**2 - 2*b + 1. Let z(r) be the third derivative of r**5/60 + r**2. Let t(d) = w(d) - 2*z(d). Calculate t(o).
-8
Suppose 4*o + 2 = -10. Let t(m) = -m**2. Let u(g) = -g**2 + 1. Let z(b) = -7*b**2 + 3*b + 1. Let k(h) = -3*u(h) + z(h). Let a(w) = -k(w) + 5*t(w). What is a(o)?
2
Let g(b) = -b**3 - 10*b**2 - 9*b - 4. Let u be g(-9). Let p(w) = -3*w. Determine p(u).
12
Let n(d) be the third derivative of 2/3*d**3 + 0 - 2*d**2 - 1/24*d**4 + 0*d. Let v(r) = -5*r**3 - r. Let m be v(-1). Give n(m).
-2
Let m(y) = -73 - 2*y + 3*y + 73. Calculate m(-5).
-5
Let i(x) = x - 2*x + 2*x - x**3. Suppose 5*o = -4 + 9. What is i(o)?
0
Let d = -17 - -7. Let l(h) = h**3 + 9*h**2 - 10*h + 6. Give l(d).
6
Let s = 10 + -7. Let i(g) = 3*g + 3*g - g**2 + s + g**3 - 5*g. Suppose 0*m + 0*m + m = 0. Calculate i(m).
3
Let t(k) = -9 + 3 - 3*k + 7*k + k**2 + 0*k. What is t(-6)?
6
Let t be 2/6*3 + -1. Suppose t = 6*l - 3*l + 18. Let k(w) be the first derivative of w**2 + 9*w + 1. Calculate 